{"id":388,"date":"2026-01-15T14:23:17","date_gmt":"2026-01-15T13:23:17","guid":{"rendered":"https:\/\/tropsteele.fr\/?post_type=product&#038;p=388"},"modified":"2026-01-15T14:25:37","modified_gmt":"2026-01-15T13:25:37","slug":"corse-triangle","status":"publish","type":"product","link":"https:\/\/tropsteele.fr\/index.php\/produit\/corse-triangle\/","title":{"rendered":"Corse triangle"},"content":{"rendered":"<p>Repr\u00e9sentation g\u00e9om\u00e9trique de l&rsquo;\u00eele de beaut\u00e9 avec le contour de l&rsquo;\u00eele d\u00e9tour\u00e9 \u00e0 l&rsquo;int\u00e9rieur.<br \/>\n33&#215;14 cm<\/p>\n","protected":false},"excerpt":{"rendered":"<p>Repr\u00e9sentation g\u00e9om\u00e9trique de l&rsquo;\u00eele de beaut\u00e9 avec le contour de l&rsquo;\u00eele d\u00e9tour\u00e9 \u00e0 l&rsquo;int\u00e9rieur. 33&#215;14 cm<\/p>\n","protected":false},"featured_media":178,"comment_status":"open","ping_status":"closed","template":"","meta":[],"product_brand":[],"product_cat":[19],"product_tag":[],"class_list":{"0":"post-388","1":"product","2":"type-product","3":"status-publish","4":"has-post-thumbnail","6":"product_cat-non-classe","8":"first","9":"onbackorder","10":"shipping-taxable","11":"purchasable","12":"product-type-simple"},"_links":{"self":[{"href":"https:\/\/tropsteele.fr\/index.php\/wp-json\/wp\/v2\/product\/388","targetHints":{"allow":["GET"]}}],"collection":[{"href":"https:\/\/tropsteele.fr\/index.php\/wp-json\/wp\/v2\/product"}],"about":[{"href":"https:\/\/tropsteele.fr\/index.php\/wp-json\/wp\/v2\/types\/product"}],"replies":[{"embeddable":true,"href":"https:\/\/tropsteele.fr\/index.php\/wp-json\/wp\/v2\/comments?post=388"}],"wp:featuredmedia":[{"embeddable":true,"href":"https:\/\/tropsteele.fr\/index.php\/wp-json\/wp\/v2\/media\/178"}],"wp:attachment":[{"href":"https:\/\/tropsteele.fr\/index.php\/wp-json\/wp\/v2\/media?parent=388"}],"wp:term":[{"taxonomy":"product_brand","embeddable":true,"href":"https:\/\/tropsteele.fr\/index.php\/wp-json\/wp\/v2\/product_brand?post=388"},{"taxonomy":"product_cat","embeddable":true,"href":"https:\/\/tropsteele.fr\/index.php\/wp-json\/wp\/v2\/product_cat?post=388"},{"taxonomy":"product_tag","embeddable":true,"href":"https:\/\/tropsteele.fr\/index.php\/wp-json\/wp\/v2\/product_tag?post=388"}],"curies":[{"name":"wp","href":"https:\/\/api.w.org\/{rel}","templated":true}]}}